the units digit of 1937?
7
What is the units digit of 816?
6
What is the tens digit of 763?
6
What is the units digit of 3714?
4
What is the tens digit of 268?
6
What is the hundreds digit of 864?
8
What is the tens digit of 15440?
4
What is the units digit of 1718?
8
What is the thousands digit of 5078?
5
What is the hundreds digit of 4537?
5
What is the units digit of 904?
4
What is the hundreds digit of 6220?
2
What is the thousands digit of 1704?
1
What is the ten thousands digit of 16135?
1
What is the units digit of 124995?
5
What is the tens digit of 773?
7
What is the ten thousands digit of 15751?
1
What is the units digit of 3826?
6
What is the hundreds digit of 25258?
2
What is the hundreds digit of 4979?
9
What is the units digit of 36418?
8
What is the tens digit of 65980?
8
What is the thousands digit of 53697?
3
What is the tens digit of 5955?
5
What is the units digit of 432?
2
What is the tens digit of 1211?
1
What is the units digit of 932?
2
What is the tens digit of 754?
5
What is the thousands digit of 146220?
6
What is the thousands digit of 37460?
7
What is the units digit of 1388?
8
What is the units digit of 135801?
1
What is the thousands digit of 11783?
1
What is the ten thousands digit of 23050?
2
What is the hundreds digit of 1017?
0
What is the tens digit of 7642?
4
What is the tens digit of 1164?
6
What is the hundreds digit of 1240?
2
What is the units digit of 126199?
9
What is the hundreds digit of 36773?
7
What is the thousands digit of 43329?
3
What is the tens digit of 1186?
8
What is the tens digit of 3980?
8
What is the hundreds digit of 1829?
8
What is the thousands digit of 4208?
4
What is the thousands digit of 1567?
1
What is the hundreds digit of 1538?
5
What is the units digit of 1772?
2
What is the hundreds digit of 8438?
4
What is the hundreds digit of 1829?
8
What is the hundreds digit of 4475?
4
What is the thousands digit of 2684?
2
What is the hundreds digit of 5752?
7
What is the units digit of 1221?
1
What is the tens digit of 2279?
7
What is the tens digit of 2190?
9
What is the hundreds digit of 905?
9
What is the hundreds digit of 1255?
2
What is the units digit of 9425?
5
What is the ten thousands digit of 23168?
2
What is the tens digit of 17625?
2
What is the tens digit of 1001?
0
What is the tens digit of 8130?
3
What is the hundred thousands digit of 155474?
1
What is the tens digit of 2264?
6
What is the hundreds digit of 115323?
3
What is the tens digit of 50017?
1
What is the units digit of 42074?
4
What is the thousands digit of 8857?
8
What is the tens digit of 71232?
3
What is the units digit of 2384?
4
What is the hundreds digit of 1090?
0
What is the hundreds digit of 25546?
5
What is the thousands digit of 90830?
0
What is the units digit of 793?
3
What is the ten thousands digit of 23249?
2
What is the thousands digit of 32756?
2
What is the tens digit of 25?
2
What is the ten thousands digit of 33803?
3
What is the units digit of 18151?
1
What is the tens digit of 13768?
6
What is the units digit of 63521?
1
What is the thousands digit of 17788?
7
What is the tens digit of 2401?
0
What is the units digit of 76598?
8
What is the thousands digit of 5039?
5
What is the hundreds digit of 68158?
1
What is the thousands digit of 2024?
2
What is the thousands digit of 1174?
1
What is the units digit of 7827?
7
What is the units digit of 24291?
1
What is the units digit of 727?
7
What is the units digit of 15405?
5
What is the tens digit of 12?
1
What is the tens digit of 153?
5
What is the thousands digit of 26315?
6
What is the hundreds digit of 15673?
6
What is the units digit of 1698?
8
What is the hundreds digit of 4641?
6
What is the hundreds digit of 2262?
2
What is the thousands digit of 1554?
1
What is the thousands digit of 2423?
2
What is the units digit of 101?
1
What is the units digit of 1793?
3
What is the tens digit of 2013?
1
What is the tens digit of 113?
1
What is the units digit of 662?
2
What is the units digit of 29339?
9
What is the hundreds digit of 20908?
9
What is the hundreds digit of 94449?
4
What is the units digit of 178?
8
What is the units digit of 4734?
4
What is the hundreds digit of 70296?
2
What is the hundreds digit of 579?
5
What is the ten thousands digit of 81889?
8
What is the units digit of 8806?
6
What is the units digit of 311?
1
What is the units digit of 9710?
0
What is the hundreds digit of 10304?
3
What is the thousands digit of 1167?
1
What is the units digit of 1584?
4
What is the hundreds digit of 5249?
2
What is the tens digit of 5287?
8
What is the ten thousands digit of 17654?
1
What is the thousands digit of 7314?
7
What is the units digit of 11081?
1
What is the units digit of 2340?
0
What is the tens digit of 70677?
7
What is the tens digit of 51649?
4
What is the tens digit of 446?
4
What is the units digit of 2332?
2
What is the tens digit of 6411?
1
What is the units digit of 17?
7
What is the tens digit of 1240?
4
What is the tens digit of 107580?
8
What is the thousands digit of 8300?
8
What is the units digit of 15?
5
What is the thousands digit of 5103?
5
What is the thousands digit of 32971?
2
What is the tens digit of 2289?
8
What is the hundreds digit of 3359?
3
What is the units digit of 9367?
7
What is the tens digit of 18233?
3
What is the hundreds digit of 216?
2
What is the tens digit of 217?
1
What is the thousands digit of 15741?
5
What is the tens digit of 315?
1
What is the thousands digit of 4417?
4
What is the units digit of 929?
9
What is the tens digit of 7601?
0
What is the hundreds digit of 8820?
8
What is the units digit of 29365?
5
What is the units digit of 24337?
7
What is the thousands digit of 1010?
1
What is the thousands digit of 3351?
3
What is the thousands digit of 53103?
3
What is the units digit of 2912?
2
What is the thousands digit of 16637?
6
What is the units digit of 330?
0
What is the ten thousands digit of 19283?
1
What is the units digit of 1558?
8
What is the ten thousands digit of 24425?
2
What is the hundreds digit of 4321?
3
What is the tens digit of 5285?
8
What is the ten thousands digit of 29907?
2
What is the tens digit of 5775?
7
What is the units digit of 13407?
7
What is the thousands digit of 6704?
6
What is the hundreds digit of 58259?
2
What is the hundreds digit of 3230?
2
What is the hundreds digit of 2915?
9
What is the hundreds digit of 7922?
9
What is the tens digit of 312?
1
What is the thousands digit of 79507?
9
What is the units digit of 31255?
5
What is the units digit of 212?
2
What is the thousands digit of 1868?
1
What is the thousands digit of 1369?
1
What is the thousands digit of 3017?
3
What is the hundreds digit of 29361?
3
What is the hundreds digit of 4412?
4
What is the thousands digit of 28315?
8
What is the hundreds digit of 1909?
9
What is the units digit of 41778?
8
What is the hundreds digit of 3046?
0
What is the hundreds digit of 3860?
8
What is the tens digit of 4929?
2
What is the tens digit of 2428?
2
What is the tens digit of 1169?
6
What is the units digit of 8840?
0
What is the units digit of 2027?
7
What is the hundreds digit of 5864?
8
What is the units digit of 3689?
9
What is the units digit of 1700?
0
What is the units digit of 473?
3
What is the hundreds digit of 282?
2
What is the units digit of 229?
9
What is the units digit of 769?
9
What is the units digit of 67493?
3
What is the hundreds digit of 5688?
6
What is the units digit of 1769?
9
What is the units digit of 2215?
5
What is the tens digit of 3145?
4
What is the tens digit of 455?
5
What is the hundreds digit of 6053?
0
What is the ten thousands digit of 13322?
1
What is the hundreds digit of 953?
9
What is the units digit of 1978?
8
What is the thousands digit of 58087?
8
What is the hundreds digit of 3011?
0
What is the units digit of 747?
7
What is the hundred thousands digit of 119547?
1
What is the tens digit of 1406?
0
What is the tens digit of 643?
4
What is the tens digit of 11046?
4
What is the thousands digit of 75845?
5
What is the hundreds digit of 1964?
9
What is the units digit of 4440?
0
What is the hundreds digit of 301?
3
What is the units digit of 145320?
0
What is the hundreds digit of 54860?
8
What is the tens digit of 4938?
3
What is the hun